{"id":1902,"date":"2024-12-09T17:24:45","date_gmt":"2024-12-09T17:24:45","guid":{"rendered":"https:\/\/lavarillamagica.rkinformatika.online\/?page_id=1902"},"modified":"2025-03-20T08:54:03","modified_gmt":"2025-03-20T08:54:03","slug":"reposteria","status":"publish","type":"page","link":"https:\/\/lavarillamagica.com\/eus\/reposteria\/","title":{"rendered":"Gozogintza"},"content":{"rendered":"<div data-elementor-type=\"wp-page\" data-elementor-id=\"1902\" class=\"elementor elementor-1902\" data-elementor-post-type=\"page\">\n\t\t\t\t<div class=\"elementor-element elementor-element-f873b42 e-flex e-con-boxed e-con e-parent\" data-id=\"f873b42\" data-element_type=\"container\" data-e-type=\"container\">\n\t\t\t\t\t<div class=\"e-con-inner\">\n\t\t\t\t<div class=\"elementor-element elementor-element-01e9666 elementor-widget elementor-widget-heading\" data-id=\"01e9666\" data-element_type=\"widget\" data-e-type=\"widget\" data-widget_type=\"heading.default\">\n\t\t\t\t<div class=\"elementor-widget-container\">\n\t\t\t\t\t<h2 class=\"elementor-heading-title elementor-size-default\">Gozogintza<\/h2>\t\t\t\t<\/div>\n\t\t\t\t<\/div>\n\t\t\t\t\t<\/div>\n\t\t\t\t<\/div>\n\t\t<div class=\"elementor-element elementor-element-8a120a9 e-flex e-con-boxed e-con e-parent\" data-id=\"8a120a9\" data-element_type=\"container\" data-e-type=\"container\">\n\t\t\t\t\t<div class=\"e-con-inner\">\n\t\t<div class=\"elementor-element elementor-element-b86cc3a e-con-full e-flex e-con e-child\" data-id=\"b86cc3a\" data-element_type=\"container\" data-e-type=\"container\">\n\t\t\t\t<div class=\"elementor-element elementor-element-eb65f7b elementor-widget elementor-widget-image\" data-id=\"eb65f7b\" data-element_type=\"widget\" data-e-type=\"widget\" data-widget_type=\"image.default\">\n\t\t\t\t<div class=\"elementor-widget-container\">\n\t\t\t\t\t\t\t\t\t\t\t\t\t\t\t<img fetchpriority=\"high\" decoding=\"async\" width=\"626\" height=\"512\" src=\"https:\/\/lavarillamagica.com\/wp-content\/uploads\/2024\/12\/Captura-desde-2024-12-10-09-55-12.png\" class=\"attachment-full size-full wp-image-1908\" alt=\"\" srcset=\"https:\/\/lavarillamagica.com\/wp-content\/uploads\/2024\/12\/Captura-desde-2024-12-10-09-55-12.png 626w, https:\/\/lavarillamagica.com\/wp-content\/uploads\/2024\/12\/Captura-desde-2024-12-10-09-55-12-300x245.png 300w, https:\/\/lavarillamagica.com\/wp-content\/uploads\/2024\/12\/Captura-desde-2024-12-10-09-55-12-15x12.png 15w\" sizes=\"(max-width: 626px) 100vw, 626px\" \/>\t\t\t\t\t\t\t\t\t\t\t\t\t\t\t<\/div>\n\t\t\t\t<\/div>\n\t\t\t\t<\/div>\n\t\t<div class=\"elementor-element elementor-element-d952851 e-con-full e-flex e-con e-child\" data-id=\"d952851\" data-element_type=\"container\" data-e-type=\"container\">\n\t\t\t\t<div class=\"elementor-element elementor-element-5bc2e6d elementor-widget elementor-widget-heading\" data-id=\"5bc2e6d\" data-element_type=\"widget\" data-e-type=\"widget\" data-widget_type=\"heading.default\">\n\t\t\t\t<div class=\"elementor-widget-container\">\n\t\t\t\t\t<h2 class=\"elementor-heading-title elementor-size-default\">Tartaletak<\/h2>\t\t\t\t<\/div>\n\t\t\t\t<\/div>\n\t\t\t\t<div class=\"elementor-element elementor-element-65e54dc elementor-widget elementor-widget-text-editor\" data-id=\"65e54dc\" data-element_type=\"widget\" data-e-type=\"widget\" data-widget_type=\"text-editor.default\">\n\t\t\t\t<div class=\"elementor-widget-container\">\n\t\t\t\t\t\t\t\t\t<p><strong>Txokolatezko tartaleta<\/strong> Sabl\u00e9 kurruskari zatitxoekin, eko frasez- txokolate ganatxe leun batekin eta karamelu- krema gaziarekin (aukerakoa).<\/p><p><strong>Limoi-tartaleta<\/strong> Sabl\u00e9 kurruskari zatitxoekin (almendra + banilla), limoi-krema ingelesarekin eta merenge italiar flameatua.<\/p><p><strong>Kremaz eta fruta freskoz egindako tartaleta<\/strong> Sabl\u00e9 kurruskari zatitxoekin (almendra + banilla), pastel-krema banillarekin eta tonka-babarekin aromatizatua, fruitu gorriekin lagunduta (denboraldiaren arabera).<\/p>\t\t\t\t\t\t\t\t<\/div>\n\t\t\t\t<\/div>\n\t\t\t\t<\/div>\n\t\t<div class=\"elementor-element elementor-element-1aa5fa4 e-con-full e-flex e-con e-child\" data-id=\"1aa5fa4\" data-element_type=\"container\" data-e-type=\"container\">\n\t\t\t\t<div class=\"elementor-element elementor-element-6fcc5e2 elementor-widget elementor-widget-image\" data-id=\"6fcc5e2\" data-element_type=\"widget\" data-e-type=\"widget\" data-widget_type=\"image.default\">\n\t\t\t\t<div class=\"elementor-widget-container\">\n\t\t\t\t\t\t\t\t\t\t\t\t\t\t\t<img decoding=\"async\" width=\"626\" height=\"512\" src=\"https:\/\/lavarillamagica.com\/wp-content\/uploads\/2024\/12\/Captura-desde-2024-12-10-10-00-32.png\" class=\"attachment-full size-full wp-image-1909\" alt=\"\" srcset=\"https:\/\/lavarillamagica.com\/wp-content\/uploads\/2024\/12\/Captura-desde-2024-12-10-10-00-32.png 626w, https:\/\/lavarillamagica.com\/wp-content\/uploads\/2024\/12\/Captura-desde-2024-12-10-10-00-32-300x245.png 300w, https:\/\/lavarillamagica.com\/wp-content\/uploads\/2024\/12\/Captura-desde-2024-12-10-10-00-32-15x12.png 15w\" sizes=\"(max-width: 626px) 100vw, 626px\" \/>\t\t\t\t\t\t\t\t\t\t\t\t\t\t\t<\/div>\n\t\t\t\t<\/div>\n\t\t\t\t<\/div>\n\t\t<div class=\"elementor-element elementor-element-3f9e7c9 e-con-full e-flex e-con e-child\" data-id=\"3f9e7c9\" data-element_type=\"container\" data-e-type=\"container\">\n\t\t\t\t<div class=\"elementor-element elementor-element-bbfb55d elementor-widget elementor-widget-heading\" data-id=\"bbfb55d\" data-element_type=\"widget\" data-e-type=\"widget\" data-widget_type=\"heading.default\">\n\t\t\t\t<div class=\"elementor-widget-container\">\n\t\t\t\t\t<h2 class=\"elementor-heading-title elementor-size-default\">GAZTA TARTA<\/h2>\t\t\t\t<\/div>\n\t\t\t\t<\/div>\n\t\t\t\t<div class=\"elementor-element elementor-element-236f2b4 elementor-widget elementor-widget-text-editor\" data-id=\"236f2b4\" data-element_type=\"widget\" data-e-type=\"widget\" data-widget_type=\"text-editor.default\">\n\t\t\t\t<div class=\"elementor-widget-container\">\n\t\t\t\t\t\t\t\t\t<p>Gazta fresko tarta, banilla eta limoi birrindurakin aromatizatua, galleta-kurruskari oinarri batekin.<br \/>Krema ingeles leuna eta sasoiko fruta freskoa.<br \/><strong>* Fruta marmelada gehitzeko aukera.<\/strong><\/p>\t\t\t\t\t\t\t\t<\/div>\n\t\t\t\t<\/div>\n\t\t\t\t<\/div>\n\t\t<div class=\"elementor-element elementor-element-9bf67e0 e-con-full e-flex e-con e-child\" data-id=\"9bf67e0\" data-element_type=\"container\" data-e-type=\"container\">\n\t\t\t\t<div class=\"elementor-element elementor-element-fa52428 elementor-widget elementor-widget-image\" data-id=\"fa52428\" data-element_type=\"widget\" data-e-type=\"widget\" data-widget_type=\"image.default\">\n\t\t\t\t<div class=\"elementor-widget-container\">\n\t\t\t\t\t\t\t\t\t\t\t\t\t\t\t<img decoding=\"async\" width=\"626\" height=\"512\" src=\"https:\/\/lavarillamagica.com\/wp-content\/uploads\/2024\/12\/Captura-desde-2024-12-10-10-01-53.png\" class=\"attachment-full size-full wp-image-1910\" alt=\"\" srcset=\"https:\/\/lavarillamagica.com\/wp-content\/uploads\/2024\/12\/Captura-desde-2024-12-10-10-01-53.png 626w, https:\/\/lavarillamagica.com\/wp-content\/uploads\/2024\/12\/Captura-desde-2024-12-10-10-01-53-300x245.png 300w, https:\/\/lavarillamagica.com\/wp-content\/uploads\/2024\/12\/Captura-desde-2024-12-10-10-01-53-15x12.png 15w\" sizes=\"(max-width: 626px) 100vw, 626px\" \/>\t\t\t\t\t\t\t\t\t\t\t\t\t\t\t<\/div>\n\t\t\t\t<\/div>\n\t\t\t\t<\/div>\n\t\t<div class=\"elementor-element elementor-element-3b37d8b e-con-full e-flex e-con e-child\" data-id=\"3b37d8b\" data-element_type=\"container\" data-e-type=\"container\">\n\t\t\t\t<div class=\"elementor-element elementor-element-22aafdc elementor-widget elementor-widget-heading\" data-id=\"22aafdc\" data-element_type=\"widget\" data-e-type=\"widget\" data-widget_type=\"heading.default\">\n\t\t\t\t<div class=\"elementor-widget-container\">\n\t\t\t\t\t<h2 class=\"elementor-heading-title elementor-size-default\">Browniea<\/h2>\t\t\t\t<\/div>\n\t\t\t\t<\/div>\n\t\t\t\t<div class=\"elementor-element elementor-element-47a308b elementor-widget elementor-widget-text-editor\" data-id=\"47a308b\" data-element_type=\"widget\" data-e-type=\"widget\" data-widget_type=\"text-editor.default\">\n\t\t\t\t<div class=\"elementor-widget-container\">\n\t\t\t\t\t\t\t\t\t<p>Bizkotxo gozo eta mamitsua, txokolate-zapore\nindartsukoa, intxaur karamelatuekin, txokolatezko\nmalutekin eta ganatxe-estaldurarekin.<br \/><strong>*Ganatxearen estaldura aukeran.<\/strong><\/p>\t\t\t\t\t\t\t\t<\/div>\n\t\t\t\t<\/div>\n\t\t\t\t<\/div>\n\t\t<div class=\"elementor-element elementor-element-e567bb0 e-con-full e-flex e-con e-child\" data-id=\"e567bb0\" data-element_type=\"container\" data-e-type=\"container\">\n\t\t\t\t<div class=\"elementor-element elementor-element-636ef18 elementor-widget elementor-widget-image\" data-id=\"636ef18\" data-element_type=\"widget\" data-e-type=\"widget\" data-widget_type=\"image.default\">\n\t\t\t\t<div class=\"elementor-widget-container\">\n\t\t\t\t\t\t\t\t\t\t\t\t\t\t\t<img loading=\"lazy\" decoding=\"async\" width=\"626\" height=\"512\" src=\"https:\/\/lavarillamagica.com\/wp-content\/uploads\/2024\/12\/Captura-desde-2024-12-10-10-03-03.png\" class=\"attachment-full size-full wp-image-1911\" alt=\"\" srcset=\"https:\/\/lavarillamagica.com\/wp-content\/uploads\/2024\/12\/Captura-desde-2024-12-10-10-03-03.png 626w, https:\/\/lavarillamagica.com\/wp-content\/uploads\/2024\/12\/Captura-desde-2024-12-10-10-03-03-300x245.png 300w, https:\/\/lavarillamagica.com\/wp-content\/uploads\/2024\/12\/Captura-desde-2024-12-10-10-03-03-15x12.png 15w\" sizes=\"(max-width: 626px) 100vw, 626px\" \/>\t\t\t\t\t\t\t\t\t\t\t\t\t\t\t<\/div>\n\t\t\t\t<\/div>\n\t\t\t\t<\/div>\n\t\t<div class=\"elementor-element elementor-element-6e56dfd e-con-full e-flex e-con e-child\" data-id=\"6e56dfd\" data-element_type=\"container\" data-e-type=\"container\">\n\t\t\t\t<div class=\"elementor-element elementor-element-8296031 elementor-widget elementor-widget-heading\" data-id=\"8296031\" data-element_type=\"widget\" data-e-type=\"widget\" data-widget_type=\"heading.default\">\n\t\t\t\t<div class=\"elementor-widget-container\">\n\t\t\t\t\t<h2 class=\"elementor-heading-title elementor-size-default\">Doughnuts<\/h2>\t\t\t\t<\/div>\n\t\t\t\t<\/div>\n\t\t\t\t<div class=\"elementor-element elementor-element-baf474a elementor-widget elementor-widget-text-editor\" data-id=\"baf474a\" data-element_type=\"widget\" data-e-type=\"widget\" data-widget_type=\"text-editor.default\">\n\t\t\t\t<div class=\"elementor-widget-container\">\n\t\t\t\t\t\t\t\t\t<p>Donuts gozo eta samurrak, banillaz, kardamomoz\neta tonka-babaz aromatizatuak.<\/p>\t\t\t\t\t\t\t\t<\/div>\n\t\t\t\t<\/div>\n\t\t\t\t<\/div>\n\t\t<div class=\"elementor-element elementor-element-c7783bf e-con-full e-flex e-con e-child\" data-id=\"c7783bf\" data-element_type=\"container\" data-e-type=\"container\">\n\t\t\t\t<div class=\"elementor-element elementor-element-9f3351c elementor-widget elementor-widget-image\" data-id=\"9f3351c\" data-element_type=\"widget\" data-e-type=\"widget\" data-widget_type=\"image.default\">\n\t\t\t\t<div class=\"elementor-widget-container\">\n\t\t\t\t\t\t\t\t\t\t\t\t\t\t\t<img loading=\"lazy\" decoding=\"async\" width=\"626\" height=\"512\" src=\"https:\/\/lavarillamagica.com\/wp-content\/uploads\/2024\/12\/Captura-desde-2024-12-10-10-04-35.png\" class=\"attachment-full size-full wp-image-1912\" alt=\"\" srcset=\"https:\/\/lavarillamagica.com\/wp-content\/uploads\/2024\/12\/Captura-desde-2024-12-10-10-04-35.png 626w, https:\/\/lavarillamagica.com\/wp-content\/uploads\/2024\/12\/Captura-desde-2024-12-10-10-04-35-300x245.png 300w, https:\/\/lavarillamagica.com\/wp-content\/uploads\/2024\/12\/Captura-desde-2024-12-10-10-04-35-15x12.png 15w\" sizes=\"(max-width: 626px) 100vw, 626px\" \/>\t\t\t\t\t\t\t\t\t\t\t\t\t\t\t<\/div>\n\t\t\t\t<\/div>\n\t\t\t\t<\/div>\n\t\t<div class=\"elementor-element elementor-element-650d127 e-con-full e-flex e-con e-child\" data-id=\"650d127\" data-element_type=\"container\" data-e-type=\"container\">\n\t\t\t\t<div class=\"elementor-element elementor-element-a52986b elementor-widget elementor-widget-heading\" data-id=\"a52986b\" data-element_type=\"widget\" data-e-type=\"widget\" data-widget_type=\"heading.default\">\n\t\t\t\t<div class=\"elementor-widget-container\">\n\t\t\t\t\t<h2 class=\"elementor-heading-title elementor-size-default\">Makaronak<\/h2>\t\t\t\t<\/div>\n\t\t\t\t<\/div>\n\t\t\t\t<div class=\"elementor-element elementor-element-0463178 elementor-widget elementor-widget-text-editor\" data-id=\"0463178\" data-element_type=\"widget\" data-e-type=\"widget\" data-widget_type=\"text-editor.default\">\n\t\t\t\t<div class=\"elementor-widget-container\">\n\t\t\t\t\t\t\t\t\t<p>Zapore natural eta oso freskagarrien hautaketa:<\/p><ul><li>\u00b7 Txokolate zuria eta lima.<\/li><li>\u00b7 Txokolatea.<\/li><li>Mugurdia.<\/li><li>\u00b7 Karamelu gazia.<\/li><\/ul>\t\t\t\t\t\t\t\t<\/div>\n\t\t\t\t<\/div>\n\t\t\t\t<\/div>\n\t\t<div class=\"elementor-element elementor-element-f3f7dca e-con-full e-flex e-con e-child\" data-id=\"f3f7dca\" data-element_type=\"container\" data-e-type=\"container\">\n\t\t\t\t<div class=\"elementor-element elementor-element-1a3883d elementor-widget elementor-widget-image\" data-id=\"1a3883d\" data-element_type=\"widget\" data-e-type=\"widget\" data-widget_type=\"image.default\">\n\t\t\t\t<div class=\"elementor-widget-container\">\n\t\t\t\t\t\t\t\t\t\t\t\t\t\t\t<img loading=\"lazy\" decoding=\"async\" width=\"626\" height=\"512\" src=\"https:\/\/lavarillamagica.com\/wp-content\/uploads\/2024\/12\/Captura-desde-2024-12-10-10-05-50.png\" class=\"attachment-full size-full wp-image-1913\" alt=\"\" srcset=\"https:\/\/lavarillamagica.com\/wp-content\/uploads\/2024\/12\/Captura-desde-2024-12-10-10-05-50.png 626w, https:\/\/lavarillamagica.com\/wp-content\/uploads\/2024\/12\/Captura-desde-2024-12-10-10-05-50-300x245.png 300w, https:\/\/lavarillamagica.com\/wp-content\/uploads\/2024\/12\/Captura-desde-2024-12-10-10-05-50-15x12.png 15w\" sizes=\"(max-width: 626px) 100vw, 626px\" \/>\t\t\t\t\t\t\t\t\t\t\t\t\t\t\t<\/div>\n\t\t\t\t<\/div>\n\t\t\t\t<\/div>\n\t\t<div class=\"elementor-element elementor-element-e705721 e-con-full e-flex e-con e-child\" data-id=\"e705721\" data-element_type=\"container\" data-e-type=\"container\">\n\t\t\t\t<div class=\"elementor-element elementor-element-141453d elementor-widget elementor-widget-heading\" data-id=\"141453d\" data-element_type=\"widget\" data-e-type=\"widget\" data-widget_type=\"heading.default\">\n\t\t\t\t<div class=\"elementor-widget-container\">\n\t\t\t\t\t<h2 class=\"elementor-heading-title elementor-size-default\">Cookieak<\/h2>\t\t\t\t<\/div>\n\t\t\t\t<\/div>\n\t\t\t\t<div class=\"elementor-element elementor-element-3a5ec79 elementor-widget elementor-widget-text-editor\" data-id=\"3a5ec79\" data-element_type=\"widget\" data-e-type=\"widget\" data-widget_type=\"text-editor.default\">\n\t\t\t\t<div class=\"elementor-widget-container\">\n\t\t\t\t\t\t\t\t\t<p>Kakao eta txokolate-frantsez () gaileta, txokolatezko\nzatitxoekin eta A\u00f1ana bailarako gatz-lorezko ezkatekin<br \/>Txokolate zuri frantsesa () gaileta eta macadamia-\nintxaur karamelatua, bourbon banillarekin eta intxaur mus-\nkatuarekin aromatizatua.<br \/><strong>*OHARRA: Galdetu Valrhona txokolateak dastatu nahi\nizanez gero.<\/strong><\/p>\t\t\t\t\t\t\t\t<\/div>\n\t\t\t\t<\/div>\n\t\t\t\t<\/div>\n\t\t\t\t\t<\/div>\n\t\t\t\t<\/div>\n\t\t<div class=\"elementor-element elementor-element-6266f49 e-flex e-con-boxed e-con e-parent\" data-id=\"6266f49\" data-element_type=\"container\" data-e-type=\"container\">\n\t\t\t\t\t<div class=\"e-con-inner\">\n\t\t\t\t<div class=\"elementor-element elementor-element-045b50f elementor-cta--skin-cover elementor-cta--valign-top elementor-animated-content elementor-bg-transform elementor-bg-transform-zoom-in elementor-widget elementor-widget-call-to-action\" data-id=\"045b50f\" data-element_type=\"widget\" data-e-type=\"widget\" data-widget_type=\"call-to-action.default\">\n\t\t\t\t<div class=\"elementor-widget-container\">\n\t\t\t\t\t\t\t<div class=\"elementor-cta\">\n\t\t\t\t\t<div class=\"elementor-cta__bg-wrapper\">\n\t\t\t\t<div class=\"elementor-cta__bg elementor-bg\" style=\"background-image: url(https:\/\/lavarillamagica.com\/wp-content\/uploads\/2025\/03\/filehomeuserEscritoriolavarillamagica.2025_Ikuxka_LaVarillaMagica_205_HD-2.jpg-2-scaled.jpg);\" role=\"img\" aria-label=\"filehomeuserEscritoriolavarillamagica.2025_Ikuxka_LaVarillaMagica_205_HD.jpg\"><\/div>\n\t\t\t\t<div class=\"elementor-cta__bg-overlay\"><\/div>\n\t\t\t<\/div>\n\t\t\t\t\t\t\t<div class=\"elementor-cta__content\">\n\t\t\t\t\n\t\t\t\t\n\t\t\t\t\n\t\t\t\t\t\t\t\t\t<div class=\"elementor-cta__button-wrapper elementor-cta__content-item elementor-content-item elementor-animated-item--grow\">\n\t\t\t\t\t<a class=\"elementor-cta__button elementor-button elementor-size-\" href=\"https:\/\/lavarillamagica.com\/eus\/contacto\/\">\n\t\t\t\t\t\tKontaktua\t\t\t\t\t<\/a>\n\t\t\t\t\t<\/div>\n\t\t\t\t\t\t\t<\/div>\n\t\t\t\t\t\t<\/div>\n\t\t\t\t\t\t<\/div>\n\t\t\t\t<\/div>\n\t\t\t\t\t<\/div>\n\t\t\t\t<\/div>\n\t\t\t\t<\/div>","protected":false},"excerpt":{"rendered":"<p>Reposter\u00eda Tartaletas Tartaleta de chocolate: Crujiente sabl\u00e9 al cacao con una suave ganache de chocolate franc\u00e9s del 70% y crema de caramelo salado (opcional). Tartaleta de lim\u00f3n: Crujiente sabl\u00e9 (almendra + vainilla bourbon) con crema de lim\u00f3n inglesa y merengue italiano flameado. Tartaleta de crema y fruta fresca: Crujiente sabl\u00e9 (almendra + vainilla) con crema [&hellip;]<\/p>\n","protected":false},"author":3,"featured_media":0,"parent":0,"menu_order":0,"comment_status":"closed","ping_status":"closed","template":"elementor_canvas","meta":{"footnotes":""},"class_list":["post-1902","page","type-page","status-publish","hentry"],"yoast_head":"<!-- This site is optimized with the Yoast SEO plugin v27.4 - https:\/\/yoast.com\/product\/yoast-seo-wordpress\/ -->\n<title>Reposter\u00eda - La Varilla M\u00e1gica<\/title>\n<meta name=\"robots\" content=\"index, follow, max-snippet:-1, max-image-preview:large, max-video-preview:-1\" \/>\n<link rel=\"canonical\" href=\"https:\/\/lavarillamagica.com\/eus\/reposteria\/\" \/>\n<meta property=\"og:locale\" content=\"en_US\" \/>\n<meta property=\"og:type\" content=\"article\" \/>\n<meta property=\"og:title\" content=\"Reposter\u00eda - La Varilla M\u00e1gica\" \/>\n<meta property=\"og:description\" content=\"Reposter\u00eda Tartaletas Tartaleta de chocolate: Crujiente sabl\u00e9 al cacao con una suave ganache de chocolate franc\u00e9s del 70% y crema de caramelo salado (opcional). Tartaleta de lim\u00f3n: Crujiente sabl\u00e9 (almendra + vainilla bourbon) con crema de lim\u00f3n inglesa y merengue italiano flameado. Tartaleta de crema y fruta fresca: Crujiente sabl\u00e9 (almendra + vainilla) con crema [&hellip;]\" \/>\n<meta property=\"og:url\" content=\"https:\/\/lavarillamagica.com\/eus\/reposteria\/\" \/>\n<meta property=\"og:site_name\" content=\"La Varilla M\u00e1gica\" \/>\n<meta property=\"article:modified_time\" content=\"2025-03-20T08:54:03+00:00\" \/>\n<meta property=\"og:image\" content=\"https:\/\/lavarillamagica.com\/wp-content\/uploads\/2024\/12\/Captura-desde-2024-12-10-09-55-12.png\" \/>\n\t<meta property=\"og:image:width\" content=\"626\" \/>\n\t<meta property=\"og:image:height\" content=\"512\" \/>\n\t<meta property=\"og:image:type\" content=\"image\/png\" \/>\n<meta name=\"twitter:card\" content=\"summary_large_image\" \/>\n<meta name=\"twitter:label1\" content=\"Est. reading time\" \/>\n\t<meta name=\"twitter:data1\" content=\"3 minutua\" \/>\n<script type=\"application\/ld+json\" class=\"yoast-schema-graph\">{\"@context\":\"https:\\\/\\\/schema.org\",\"@graph\":[{\"@type\":\"WebPage\",\"@id\":\"https:\\\/\\\/lavarillamagica.com\\\/reposteria\\\/\",\"url\":\"https:\\\/\\\/lavarillamagica.com\\\/reposteria\\\/\",\"name\":\"Reposter\u00eda - La Varilla M\u00e1gica\",\"isPartOf\":{\"@id\":\"https:\\\/\\\/lavarillamagica.com\\\/#website\"},\"primaryImageOfPage\":{\"@id\":\"https:\\\/\\\/lavarillamagica.com\\\/reposteria\\\/#primaryimage\"},\"image\":{\"@id\":\"https:\\\/\\\/lavarillamagica.com\\\/reposteria\\\/#primaryimage\"},\"thumbnailUrl\":\"https:\\\/\\\/lavarillamagica.com\\\/wp-content\\\/uploads\\\/2024\\\/12\\\/Captura-desde-2024-12-10-09-55-12.png\",\"datePublished\":\"2024-12-09T17:24:45+00:00\",\"dateModified\":\"2025-03-20T08:54:03+00:00\",\"breadcrumb\":{\"@id\":\"https:\\\/\\\/lavarillamagica.com\\\/reposteria\\\/#breadcrumb\"},\"inLanguage\":\"eu\",\"potentialAction\":[{\"@type\":\"ReadAction\",\"target\":[\"https:\\\/\\\/lavarillamagica.com\\\/reposteria\\\/\"]}]},{\"@type\":\"ImageObject\",\"inLanguage\":\"eu\",\"@id\":\"https:\\\/\\\/lavarillamagica.com\\\/reposteria\\\/#primaryimage\",\"url\":\"https:\\\/\\\/lavarillamagica.com\\\/wp-content\\\/uploads\\\/2024\\\/12\\\/Captura-desde-2024-12-10-09-55-12.png\",\"contentUrl\":\"https:\\\/\\\/lavarillamagica.com\\\/wp-content\\\/uploads\\\/2024\\\/12\\\/Captura-desde-2024-12-10-09-55-12.png\"},{\"@type\":\"BreadcrumbList\",\"@id\":\"https:\\\/\\\/lavarillamagica.com\\\/reposteria\\\/#breadcrumb\",\"itemListElement\":[{\"@type\":\"ListItem\",\"position\":1,\"name\":\"Portada\",\"item\":\"https:\\\/\\\/lavarillamagica.com\\\/\"},{\"@type\":\"ListItem\",\"position\":2,\"name\":\"Reposter\u00eda\"}]},{\"@type\":\"WebSite\",\"@id\":\"https:\\\/\\\/lavarillamagica.com\\\/#website\",\"url\":\"https:\\\/\\\/lavarillamagica.com\\\/\",\"name\":\"La Varilla M\u00e1gica\",\"description\":\"Soy postrera, amante de la gastronom\u00eda y del mundo dulce\",\"publisher\":{\"@id\":\"https:\\\/\\\/lavarillamagica.com\\\/#organization\"},\"potentialAction\":[{\"@type\":\"SearchAction\",\"target\":{\"@type\":\"EntryPoint\",\"urlTemplate\":\"https:\\\/\\\/lavarillamagica.com\\\/?s={search_term_string}\"},\"query-input\":{\"@type\":\"PropertyValueSpecification\",\"valueRequired\":true,\"valueName\":\"search_term_string\"}}],\"inLanguage\":\"eu\"},{\"@type\":\"Organization\",\"@id\":\"https:\\\/\\\/lavarillamagica.com\\\/#organization\",\"name\":\"La Varilla M\u00e1gica\",\"url\":\"https:\\\/\\\/lavarillamagica.com\\\/\",\"logo\":{\"@type\":\"ImageObject\",\"inLanguage\":\"eu\",\"@id\":\"https:\\\/\\\/lavarillamagica.com\\\/#\\\/schema\\\/logo\\\/image\\\/\",\"url\":\"https:\\\/\\\/lavarillamagica.com\\\/wp-content\\\/uploads\\\/2024\\\/12\\\/cropped-Design-sem-nome-1.jpg\",\"contentUrl\":\"https:\\\/\\\/lavarillamagica.com\\\/wp-content\\\/uploads\\\/2024\\\/12\\\/cropped-Design-sem-nome-1.jpg\",\"width\":1280,\"height\":1280,\"caption\":\"La Varilla M\u00e1gica\"},\"image\":{\"@id\":\"https:\\\/\\\/lavarillamagica.com\\\/#\\\/schema\\\/logo\\\/image\\\/\"}}]}<\/script>\n<!-- \/ Yoast SEO plugin. -->","yoast_head_json":{"title":"Reposter\u00eda - La Varilla M\u00e1gica","robots":{"index":"index","follow":"follow","max-snippet":"max-snippet:-1","max-image-preview":"max-image-preview:large","max-video-preview":"max-video-preview:-1"},"canonical":"https:\/\/lavarillamagica.com\/eus\/reposteria\/","og_locale":"en_US","og_type":"article","og_title":"Reposter\u00eda - La Varilla M\u00e1gica","og_description":"Reposter\u00eda Tartaletas Tartaleta de chocolate: Crujiente sabl\u00e9 al cacao con una suave ganache de chocolate franc\u00e9s del 70% y crema de caramelo salado (opcional). Tartaleta de lim\u00f3n: Crujiente sabl\u00e9 (almendra + vainilla bourbon) con crema de lim\u00f3n inglesa y merengue italiano flameado. Tartaleta de crema y fruta fresca: Crujiente sabl\u00e9 (almendra + vainilla) con crema [&hellip;]","og_url":"https:\/\/lavarillamagica.com\/eus\/reposteria\/","og_site_name":"La Varilla M\u00e1gica","article_modified_time":"2025-03-20T08:54:03+00:00","og_image":[{"width":626,"height":512,"url":"https:\/\/lavarillamagica.com\/wp-content\/uploads\/2024\/12\/Captura-desde-2024-12-10-09-55-12.png","type":"image\/png"}],"twitter_card":"summary_large_image","twitter_misc":{"Est. reading time":"3 minutua"},"schema":{"@context":"https:\/\/schema.org","@graph":[{"@type":"WebPage","@id":"https:\/\/lavarillamagica.com\/reposteria\/","url":"https:\/\/lavarillamagica.com\/reposteria\/","name":"Reposter\u00eda - La Varilla M\u00e1gica","isPartOf":{"@id":"https:\/\/lavarillamagica.com\/#website"},"primaryImageOfPage":{"@id":"https:\/\/lavarillamagica.com\/reposteria\/#primaryimage"},"image":{"@id":"https:\/\/lavarillamagica.com\/reposteria\/#primaryimage"},"thumbnailUrl":"https:\/\/lavarillamagica.com\/wp-content\/uploads\/2024\/12\/Captura-desde-2024-12-10-09-55-12.png","datePublished":"2024-12-09T17:24:45+00:00","dateModified":"2025-03-20T08:54:03+00:00","breadcrumb":{"@id":"https:\/\/lavarillamagica.com\/reposteria\/#breadcrumb"},"inLanguage":"eu","potentialAction":[{"@type":"ReadAction","target":["https:\/\/lavarillamagica.com\/reposteria\/"]}]},{"@type":"ImageObject","inLanguage":"eu","@id":"https:\/\/lavarillamagica.com\/reposteria\/#primaryimage","url":"https:\/\/lavarillamagica.com\/wp-content\/uploads\/2024\/12\/Captura-desde-2024-12-10-09-55-12.png","contentUrl":"https:\/\/lavarillamagica.com\/wp-content\/uploads\/2024\/12\/Captura-desde-2024-12-10-09-55-12.png"},{"@type":"BreadcrumbList","@id":"https:\/\/lavarillamagica.com\/reposteria\/#breadcrumb","itemListElement":[{"@type":"ListItem","position":1,"name":"Portada","item":"https:\/\/lavarillamagica.com\/"},{"@type":"ListItem","position":2,"name":"Reposter\u00eda"}]},{"@type":"WebSite","@id":"https:\/\/lavarillamagica.com\/#website","url":"https:\/\/lavarillamagica.com\/","name":"La Varilla M\u00e1gica","description":"Soy postrera, amante de la gastronom\u00eda y del mundo dulce","publisher":{"@id":"https:\/\/lavarillamagica.com\/#organization"},"potentialAction":[{"@type":"SearchAction","target":{"@type":"EntryPoint","urlTemplate":"https:\/\/lavarillamagica.com\/?s={search_term_string}"},"query-input":{"@type":"PropertyValueSpecification","valueRequired":true,"valueName":"search_term_string"}}],"inLanguage":"eu"},{"@type":"Organization","@id":"https:\/\/lavarillamagica.com\/#organization","name":"La Varilla M\u00e1gica","url":"https:\/\/lavarillamagica.com\/","logo":{"@type":"ImageObject","inLanguage":"eu","@id":"https:\/\/lavarillamagica.com\/#\/schema\/logo\/image\/","url":"https:\/\/lavarillamagica.com\/wp-content\/uploads\/2024\/12\/cropped-Design-sem-nome-1.jpg","contentUrl":"https:\/\/lavarillamagica.com\/wp-content\/uploads\/2024\/12\/cropped-Design-sem-nome-1.jpg","width":1280,"height":1280,"caption":"La Varilla M\u00e1gica"},"image":{"@id":"https:\/\/lavarillamagica.com\/#\/schema\/logo\/image\/"}}]}},"_links":{"self":[{"href":"https:\/\/lavarillamagica.com\/eus\/wp-json\/wp\/v2\/pages\/1902","targetHints":{"allow":["GET"]}}],"collection":[{"href":"https:\/\/lavarillamagica.com\/eus\/wp-json\/wp\/v2\/pages"}],"about":[{"href":"https:\/\/lavarillamagica.com\/eus\/wp-json\/wp\/v2\/types\/page"}],"author":[{"embeddable":true,"href":"https:\/\/lavarillamagica.com\/eus\/wp-json\/wp\/v2\/users\/3"}],"replies":[{"embeddable":true,"href":"https:\/\/lavarillamagica.com\/eus\/wp-json\/wp\/v2\/comments?post=1902"}],"version-history":[{"count":91,"href":"https:\/\/lavarillamagica.com\/eus\/wp-json\/wp\/v2\/pages\/1902\/revisions"}],"predecessor-version":[{"id":2862,"href":"https:\/\/lavarillamagica.com\/eus\/wp-json\/wp\/v2\/pages\/1902\/revisions\/2862"}],"wp:attachment":[{"href":"https:\/\/lavarillamagica.com\/eus\/wp-json\/wp\/v2\/media?parent=1902"}],"curies":[{"name":"wp","href":"https:\/\/api.w.org\/{rel}","templated":true}]}}